2. What is the remainder when x is divided by 109?
102
Let b(l) = 24*l - 70. Calculate the remainder when b(19) is divided by 26.
22
What is the remainder when 91 is divided by (6/(-2) + 37/2)*2?
29
What is the remainder when 522 is divided by (-156)/364 + 744/21?
32
Let u be (-15)/105 - 78/(-7). Let z = u + -6. What is the remainder when z is divided by (0 - -2) + 0 + 1?
2
Let s(w) = 2*w**2 + w. Let o be s(1). Let f be 0/(-1) + (o - 1). Suppose f*l = 1 + 1. What is the remainder when l is divided by 1?
0
Let w = -239 - -264. Let a(r) = 8 - 12 - 9 - 11*r. Calculate the remainder when a(-10) is divided by w.
22
Let n be -3 + 5 - 3 - -4. Suppose r = -n*r + 68. Calculate the remainder when 66 is divided by r.
15
Let l(w) = -9*w**3 + w**2 - 1. Let b be l(1). Let n = b - -79. Calculate the remainder when n is divided by 36.
34
Let r(n) = -3*n**3 + n**2 + n - 23. What is the remainder when r(-4) is divided by 13?
12
Suppose b - 3 - 3 = 0. Suppose -80*f - 128 = -88*f. What is the remainder when f is divided by b?
4
Let b = -51 + 62. What is the remainder when 65 is divided by b?
10
Let o(v) = -10*v - 1. Let b be o(-2). Suppose 0 = 4*p - b - 25. Suppose -p = m - 29. What is the remainder when m is divided by 7?
4
Suppose -16*c - 18 + 2 = 0. Let v(p) = -35*p - 6. What is the remainder when 144 is divided by v(c)?
28
Suppose 5*p - 1599 = -w, 7 = -2*w + 15. What is the remainder when p is divided by 23?
20
Suppose -2*v = -z - 63, 0*z - z + 24 = v. Suppose -3*d + 3*m + 34 = 4*m, 5*m - 5 = 0. Calculate the remainder when v is divided by d.
7
Let g(i) = i**2 + 3*i - 9. Let p be g(5). Let r = -24 + p. Calculate the remainder when 13 is divided by r.
6
Suppose 194*k = 192*k + 82. Calculate the remainder when 138 is divided by k.
15
Suppose -2*o - j = j - 52, -o + 4*j = -51. Suppose -3*a = -2*x + o, -2*x - 2*a = -0*a - 26. Calculate the remainder when x is divided by 5.
4
Suppose 5*p - 43 = 3*z + 3, -32 = -4*p + 4*z. Suppose -v - 1 + 9 = 0. Let q = 11 - v. What is the remainder when p is divided by q?
2
Suppose -2*q = -8*q + 180. Suppose 0 = -3*x - 23 - 4. Let g = x + q. Calculate the remainder when g is divided by 8.
5
Let i(y) = -y**3 - 11*y**2 - 8*y + 7. Let t be i(-10). Let q = -25 - t. What is the remainder when 0 - (q/4 + -7) is divided by 4?
2
Let w be 2/12 + 33/18. Suppose 0 = -w*j + 48 + 52. What is the remainder when 248 is divided by j?
48
Let a be ((-244)/12)/((-1)/9). Suppose -146 = -3*n + 2*d, 0*n + 4*n - 5*d - a = 0. What is the remainder when n is divided by 3/36 + 1075/60?
16
Suppose 77 = 9*c - 139. What is the remainder when 119 is divided by c?
23
Suppose -11*w + 204 + 1413 = 0. Let r(p) = 12*p**2 - 3*p - 1. Let j(u) = -u**2 + u. Let y(d) = 2*j(d) + r(d). Calculate the remainder when w is divided by y(2).
36
Suppose -412 = -2*v + 234. Suppose -v = -3*c + 241. What is the remainder when c is divided by 19?
17
Suppose 3*o - 170 = -2*o + x, -4*o = x - 127. Let d = -136 - -153. Calculate the remainder when o is divided by d.
16
Let t(b) = 11*b + 10. What is the remainder when 16 is divided by t(0)?
6
Let b(f) = 0*f - 4*f + f + 0*f - f**2 + 8. Let j be b(-4). Suppose 2*t + 56 = 2*w, -3*w + 4*w + j*t = 13. What is the remainder when w is divided by 7?
4
Suppose -4*x - 36 + 205 = -c, 5*c - 163 = -4*x. What is the remainder when 160 is divided by x?
34
Suppose 4*z = 5*w + 857 + 1197, 0 = z - 2*w - 515. Suppose -20*t + z = -29. Calculate the remainder when t is divided by 16.
11
Suppose 4*k + 4*c - 4 = 8*k, 2*k = 3*c - 5. Suppose q + 2*q = d + 16, -k = -d. What is the remainder when 12 is divided by q?
0
Suppose -4*p + 3*y = -y - 88, 5*y = p - 18. Calculate the remainder when 183 is divided by p.
22
Suppose 0 = -o + 3*z + 32 + 47, z - 5 = 0. Suppose 4*h - o - 110 = 0. Calculate the remainder when h is divided by 9.
6
Suppose -5*h + 20 = 0, 13 = -5*r + 4*h + 17. Let a = -13 - -21. Let b = a - -1. Calculate the remainder when b is divided by r.
1
Let g = -226 + 376. What is the remainder when g is divided by 9?
6
Let t(y) = 8*y + 1. Let a be t(2). Suppose -2*d + d + a = 2*x, 69 = 5*d + 2*x. Calculate the remainder when 48 is divided by d.
9
Let x(w) = -5*w**3 - 41*w**2 - 4*w + 43. Calculate the remainder when 28 is divided by x(-8).
6
Let l(w) = -10*w - 38. Let s be l(-4). Suppose 0 = 4*z + 3*v - 146, -z - s*v + 0*v + 39 = 0. What is the remainder when z is divided by 8?
3
Let y(c) = -4*c - 9. Let s(d) be the first derivative of d**2/2 + 3*d + 4. Calculate the remainder when y(-6) is divided by s(6).
6
Let c = 0 + 5. Let w(m) = 20*m - 23. Let y(i) = 6*i - 7. Let t(q) = -2*w(q) + 7*y(q). What is the remainder when t(c) is divided by 5?
2
Suppose -2*k = -37 - 71. Let t = -2194 + 2213. What is the remainder when k is divided by t?
16
Suppose 30 = 4*i + 158. Let v be (-1 - 2) + 0 - i. Suppose -f - 4*n + 2*n + v = 0, 5*n = 2*f - 13. What is the remainder when 34 is divided by f?
15
Suppose 6 - 27 = -7*w. What is the remainder when 3 is divided by (w + 22/(-8))*12?
0
Let j = 60 + -26. Let c(h) = -2*h**3 + 53*h**2 - 22*h - 38. What is the remainder when c(26) is divided by j?
32
Suppose 0 = 5*g - 8*g - 10*g. Suppose c = -g*c + 7. Calculate the remainder when c is divided by 1.
0
Let a(w) = -808*w + 4887. Let x = 24 - 16. Calculate the remainder when a(6) is divided by x.
7
Let l(m) = 7*m - 2 + 1 - 6*m**2 - 3*m - 3*m. Let j(u) = 7*u**2 - u + 1. Let i(y) = 7*j(y) + 6*l(y). Calculate the remainder when 37 is divided by i(1).
11
Suppose -152*v + 146*v + 1974 = 0. What is the remainder when v is divided by 115?
99
Suppose 0 = -h - 5*y + 18, y - 1 = 1. Calculate the remainder when h is divided by 6.
2
Suppose -2*t + 24 = t. Let u(k) = -k**3 + 9*k**2 - 5*k - 15. Let b(z) = -z**3 + z**2 + z + 24. Calculate the remainder when b(0) is divided by u(t).
6
Suppose -3*v + 4*c + 20 = -113, c = -1. Calculate the remainder when 82 is divided by v.
39
Calculate the remainder when 85 is divided by -3*(-4)/72 - 564/(-72).
5
Suppose -4*a - a = -435. What is the remainder when a is divided by ((-12)/(-18))/(4/90)?
12
Suppose -2*b + 0*b - 12 = -t, 2*b = -4. Calculate the remainder when 62 is divided by t.
6
Let w(i) = 17*i - 12. Let v be w(7). Let u = v - 97. What is the remainder when 0 + 17 - (1 - 3) is divided by u?
9
Let m = -30 + 84. Let f = 78 - m. What is the remainder when 118 is divided by f?
22
Suppose -28*j - 49*j = -54439. Calculate the remainder when j is divided by 58.
11
Suppose -2 = 5*r + 3, o - 5*r - 33 = 0. Calculate the remainder when 35 is divided by ((-6)/(-7))/(4/o).
5
Suppose 102 - 30 = 4*u. Suppose 118 = -34*t + 1920. What is the remainder when t is divided by u?
17
Let u(r) = -3*r - 21. Let t be u(-14). Let j = t - 18. What is the remainder when 1/(j/249*1) is divided by 21?
20
Let d(y) = y**3 + 6*y**2 - 7*y - 50. Calculate the remainder when 35 is divided by d(-5).
5
Suppose -30 + 73 = -k. Let v = k - -51. Calculate the remainder when -42*1/(-4 + 2) is divided by v.
5
Suppose -n - 27 = -4*n - 4*t, -t - 12 = -3*n. Suppose -n*b = -5*l + 120, -b = -6*b + 15. Calculate the remainder when l is divided by 15.
12
Let w = -107 + 109. Suppose -w*x + 6*x = -2*p + 66, 5*p = 5*x - 45. Calculate the remainder when x is divided by 11.
3
Let i(o) = -o**2 - 11*o - 26. Let t be i(-7). Suppose a = -2*k + 38, 3*k - 17 = t*a + 54. Calculate the remainder when k is divided by 8.
5
Suppose -16*k + 224 + 32 = 0. Suppose -7 = 2*a - 4*q + q, 5*q + 47 = -2*a. Let h = a + k. Calculate the remainder when 9 is divided by h.
4
Let u = 6 + 12. What is the remainder when (-12)/48*-8 + 66 is divided by u?
14
Let f(t) = 14*t - 7*t + 5*t - 3. Let s be (-30)/(-45) - 38/(-6). Calculate the remainder when f(s) is divided by 21.
18
Let a(v) = v**2 + 2*v - 59. Let l be a(-9). Calculate the remainder when (100 - -1) + (-20)/l + 3 is divided by 17.
14
Let l = -8 + 20. Suppose 0 = 5*k - k - l. Suppose 4*c - 72 = -2*r, -5*r + k*c = 2*c - 180. Calculate the remainder when r is divided by 13.
10
Let y(m) = 2*m + 4. Let u = -8 - 1. Let o be y(u). What is the remainder when 47 is divided by ((-36)/o)/(9/42)?
11
Suppose -56*r + 4433 = -43*r. What is the remainder when r is divided by 9?
8
Let d(q) = 34*q**2 + 3*q - 2. Let j be d(2). Let s = 223 - j. Suppose 0*i - 4*i + 84 = 0. What is the remainder 